{"id":3008,"date":"2014-11-03T10:13:36","date_gmt":"2014-11-03T10:13:36","guid":{"rendered":"http:\/\/www.brandexponents.com\/oshin\/?page_id=2781"},"modified":"2019-05-29T15:12:59","modified_gmt":"2019-05-29T12:12:59","slug":"iletisim","status":"publish","type":"page","link":"https:\/\/www.elipsdizayn.com\/index.php\/iletisim\/","title":{"rendered":"\u0130leti\u015fim"},"content":{"rendered":"<div  class=\"tatsu-r1-7C5VA3G tatsu-section  tatsu-fullscreen   tatsu-clearfix\" data-title=\"\"  data-headerscheme=\"background--light\"><div class=\"tatsu-fullscreen-wrap\"><div class='tatsu-section-pad clearfix' data-padding='{\"d\":\"400px 0px 90px 0px \"}' data-padding-top='400px'><div class=\"tatsu-row-wrap  tatsu-wrap tatsu-row-one-col tatsu-row-has-one-cols tatsu-medium-gutter tatsu-reg-cols  tatsu-clearfix tatsu-H1eQC5N0hG\" ><div  class=\"tatsu-row \" ><div  class=\"tatsu-column  tatsu-column-no-bg tatsu-one-col tatsu-column-image- tatsu-column-effect-  tatsu-BymA5NC2z\" data-animation=\"fadeIn\"   data-parallax-speed=\"0\" style=\"\"><div class=\"tatsu-column-inner \" ><div class=\"tatsu-column-pad-wrap\"><div class=\"tatsu-column-pad\" ><div  class=\"special-heading-wrap style2 oshine-module align-center tatsu-fqpf1oy49tbo3145   tatsu-animate \" data-animation=\"fadeIn\"  ><div class=\"special-heading\" ><h4 class=\"special-h-tag\" >\u0130LET\u0130\u015e\u0130M<\/h4><\/div><style>.tatsu-fqpf1oy49tbo3145 .special-h-tag{color: rgba(255,255,255,1) ;}.tatsu-fqpf1oy49tbo3145 .special-heading{border-color: rgba(255,255,255,1); border-width: 5px;padding: 20px 30px 20px 30px ;}<\/style><\/div><div  class=\"special-subtitle-wrap  tatsu-fqpf1umlzx1mwzu5   tatsu-animate \" data-animation=\"fadeIn\"   ><div class=\"align-center\"><span class=\"special-subtitle\" >\u0130stanbul'dan t\u00fcm T\u00fcrkiye'ye ve hatta t\u00fcm D\u00fcnya'ya hizmet edebiliriz...<\/span><\/div><style>.tatsu-fqpf1umlzx1mwzu5 .special-subtitle{font-size: 20px;color: rgba(255,255,255,1) ;width: 100%;}.tatsu-fqpf1umlzx1mwzu5.special-subtitle-wrap{margin-bottom: 30px;}<\/style><\/div><\/div><\/div><div class = \"tatsu-column-bg-image-wrap\"><div class = \"tatsu-column-bg-image\" ><\/div><\/div><\/div><style>.tatsu-BymA5NC2z.tatsu-column > .tatsu-column-inner > .tatsu-column-overlay{mix-blend-mode: none;}.tatsu-BymA5NC2z > .tatsu-column-inner > .tatsu-top-divider{z-index: 9999;}.tatsu-BymA5NC2z > .tatsu-column-inner > .tatsu-bottom-divider{z-index: 9999;}.tatsu-BymA5NC2z > .tatsu-column-inner > .tatsu-left-divider{z-index: 9999;}.tatsu-BymA5NC2z > .tatsu-column-inner > .tatsu-right-divider{z-index: 9999;}.tatsu-BymA5NC2z.tatsu-column{transform: translate3d(0px,0px, 0);}<\/style><\/div><\/div><\/div><\/div><div class=\"tatsu-section-background-wrap\"><div class = \"tatsu-section-background\" ><\/div><\/div><\/div><style>.tatsu-r1-7C5VA3G .tatsu-section-background{background-image: url(https:\/\/www.elipsdizayn.com\/wp-content\/uploads\/2019\/04\/aaa.jpg);background-repeat: no-repeat;background-attachment: fixed;background-position: top left;background-size: cover;}.tatsu-r1-7C5VA3G .tatsu-bg-blur{background-repeat: no-repeat;background-attachment: fixed;background-position: top left;background-size: cover;}.tatsu-r1-7C5VA3G .tatsu-section-pad{padding: 400px 0px 90px 0px ;}.tatsu-r1-7C5VA3G.tatsu-section{margin: 0px 0px 0px 0px;}.tatsu-r1-7C5VA3G > .tatsu-bottom-divider{z-index: 9999;}.tatsu-r1-7C5VA3G > .tatsu-top-divider{z-index: 9999;}<\/style><\/div><div  class=\"tatsu-fqox7hq4yp4bpkvw tatsu-section    tatsu-clearfix\" data-title=\"\"  data-headerscheme=\"background--dark\"><div class='tatsu-section-pad clearfix' data-padding='{\"d\":\"90px 0% 90px 0%\"}' data-padding-top='90px'><div class=\"tatsu-row-wrap  tatsu-wrap tatsu-row-has-two-cols tatsu-medium-gutter tatsu-reg-cols  tatsu-clearfix tatsu-fqox7hq4z1fh7r2u\" ><div  class=\"tatsu-row \" ><div  class=\"tatsu-column  tatsu-column-no-bg tatsu-one-third tatsu-column-image- tatsu-column-effect-  tatsu-fqox7hq4z890vgxs\" data-animation=\"fadeIn\"   data-parallax-speed=\"0\" style=\"\"><div class=\"tatsu-column-inner \" ><div class=\"tatsu-column-pad-wrap\"><div class=\"tatsu-column-pad\" ><div  class=\"tatsu-module tatsu-text-block-wrap tatsu-fqox7hq4zee3g7n2  \"><div class=\"tatsu-text-inner tatsu-align-center  clearfix\" data-animation=\"fadeIn\"  >\n<h6>\u0130leti\u015fim Bilgilerimiz<\/h6>\n<\/div><\/div><ul  class=\"tatsu-module tatsu-list tatsu-fqox7hq52bhnvtm    tatsu-lists-icon\" ><li  class=\"tatsu-list-content tatsu-fqox7hq52jepby5l   \" ><span class=\"tatsu-list-icon-wrap\" ><i class=\"tatsu-icon icon-icon_house_alt \"><\/i><\/span><span class=\"tatsu-list-inner\">\n<p>Mimarsinan Mahallesi Tuzla, \u0130STANBUL<\/p>\n<\/span><style>.tatsu-fqox7hq52jepby5l .tatsu-icon, .tatsu-fqox7hq52jepby5l.tatsu-list-content::before{color: #60c2d3 ;}.tatsu-fqox7hq52jepby5l{border-style: {\"d\":\"solid\",\"l\":\"solid\",\"t\":\"solid\",\"m\":\"solid\"};}<\/style><\/li><li  class=\"tatsu-list-content tatsu-fqox7hq557ebh5xb   \" ><span class=\"tatsu-list-icon-wrap\" ><i class=\"tatsu-icon icon-icon_phone \"><\/i><\/span><span class=\"tatsu-list-inner\">\n<p>0555 554 39 32<\/p>\n<\/span><style>.tatsu-fqox7hq557ebh5xb .tatsu-icon, .tatsu-fqox7hq557ebh5xb.tatsu-list-content::before{color: #60c2d3 ;}.tatsu-fqox7hq557ebh5xb{border-style: {\"d\":\"solid\",\"l\":\"solid\",\"t\":\"solid\",\"m\":\"solid\"};}<\/style><\/li><li  class=\"tatsu-list-content tatsu-fqox7hq58fcrm55t   \" ><span class=\"tatsu-list-icon-wrap\" ><i class=\"tatsu-icon icon-icon_mail_alt \"><\/i><\/span><span class=\"tatsu-list-inner\">\n<p>alicelik69@gmail.com<\/p>\n<\/span><style>.tatsu-fqox7hq58fcrm55t .tatsu-icon, .tatsu-fqox7hq58fcrm55t.tatsu-list-content::before{color: #60c2d3 ;}.tatsu-fqox7hq58fcrm55t{border-style: {\"d\":\"solid\",\"l\":\"solid\",\"t\":\"solid\",\"m\":\"solid\"};}<\/style><\/li><\/ul><\/div><\/div><div class = \"tatsu-column-bg-image-wrap\"><div class = \"tatsu-column-bg-image\" ><\/div><\/div><\/div><style>.tatsu-fqox7hq4z890vgxs.tatsu-column > .tatsu-column-inner > .tatsu-column-overlay{mix-blend-mode: none;}.tatsu-fqox7hq4z890vgxs > .tatsu-column-inner > .tatsu-top-divider{z-index: 9999;}.tatsu-fqox7hq4z890vgxs > .tatsu-column-inner > .tatsu-bottom-divider{z-index: 9999;}.tatsu-fqox7hq4z890vgxs > .tatsu-column-inner > .tatsu-left-divider{z-index: 9999;}.tatsu-fqox7hq4z890vgxs > .tatsu-column-inner > .tatsu-right-divider{z-index: 9999;}.tatsu-fqox7hq4z890vgxs.tatsu-column{transform: translate3d(0px,0px, 0);}<\/style><\/div><div  class=\"tatsu-column  tatsu-column-no-bg tatsu-two-third tatsu-column-image- tatsu-column-effect-  tatsu-fqox7hq5gm2i9vli\" data-animation=\"fadeIn\"   data-parallax-speed=\"0\" style=\"\"><div class=\"tatsu-column-inner \" ><div class=\"tatsu-column-pad-wrap\"><div class=\"tatsu-column-pad\" ><div  class=\"tatsu-module tatsu-text-block-wrap tatsu-fqox7hq5gtdnadpo  \"><div class=\"tatsu-text-inner tatsu-align-center  clearfix\" data-animation=\"fadeIn\"  >\n<h5>Bize Alttaki Formu Doldurarak Ula\u015fabilirsiniz.<\/h5>\n<\/div><\/div><div  class=\"contact_form contact_form_module oshine-module style1 style1-input tatsu-fqox7hq5jx3umow6   \"  data-consent-error = \"Please check the consent box, in order for us to process this form\">\n\t\t\t\t\t\t<form method=\"post\" class=\"contact\">\n\t\t\t\t\t\t\t<fieldset class=\"field_name contact_fieldset\">\n\t\t\t\t\t\t\t\t<input type=\"text\" name=\"contact_name\" class=\"txt autoclear\" placeholder=\"Name\" style=\"border-width:2px\" \/>\n\t\t\t\t\t\t\t<\/fieldset>\n\t\t\t\t\t\t\t<fieldset class=\"field_email contact_fieldset\">\n\t\t\t\t\t\t\t\t<input type=\"text\" name=\"contact_email\" class=\"txt autoclear\" placeholder=\"Email\" style=\"border-width:2px\" \/>\n\t\t\t\t\t\t\t<\/fieldset><fieldset class=\"field_subject contact_fieldset\">\n\t\t\t\t\t\t\t\t<input type=\"text\" name=\"contact_subject\" class=\"txt autoclear\" placeholder=\"Subject\" style=\"border-width:2px\" \/>\n\t\t\t\t\t\t<\/fieldset><fieldset class=\"field_comment contact_fieldset\">\n\t\t\t\t\t\t\t\t<textarea name=\"contact_comment\" class=\"txt_area autoclear\" placeholder=\"Message\" style=\"border-width:2px\" ><\/textarea>\n\t\t\t\t\t\t\t<\/fieldset><fieldset class=\"contact_fieldset submit-fieldset\">\n\t\t\t\t\t\t\t\t<input type = \"hidden\" name = \"contact_style\" value = \"style1\"\/> \n\t\t\t\t\t\t\t\t<input type=\"submit\" name=\"contact_submit\" value=\"Submit\" class=\"contact_submit tatsu-button rounded mediumbtn\" \/>\n\t\t\t\t\t\t\t\t<div class=\"contact_loader\"><div class=\"font-icon loader-style4-wrap loader-icon\"><\/div><\/div>\n\t\t\t\t\t\t\t<\/fieldset><div class=\"contact_status tatsu-notification\"><\/div>\n\t\t\t\t\t\t<\/form><style>.tatsu-fqox7hq5jx3umow6 input[type=\"text\"], .tatsu-fqox7hq5jx3umow6 textarea{background-color: transparent;color: #999999 ;border-color: #dddddd; }.tatsu-fqox7hq5jx3umow6 input[type=\"text\"]{height: 55px;}.tatsu-fqox7hq5jx3umow6 .contact_submit{background-color: #000000;color: rgba(255,255,255,1) ;}<\/style>\n\t\t\t\t\t<\/div><\/div><\/div><div class = \"tatsu-column-bg-image-wrap\"><div class = \"tatsu-column-bg-image\" ><\/div><\/div><\/div><style>.tatsu-fqox7hq5gm2i9vli.tatsu-column > .tatsu-column-inner > .tatsu-column-overlay{mix-blend-mode: none;}.tatsu-fqox7hq5gm2i9vli > .tatsu-column-inner > .tatsu-top-divider{z-index: 9999;}.tatsu-fqox7hq5gm2i9vli > .tatsu-column-inner > .tatsu-bottom-divider{z-index: 9999;}.tatsu-fqox7hq5gm2i9vli > .tatsu-column-inner > .tatsu-left-divider{z-index: 9999;}.tatsu-fqox7hq5gm2i9vli > .tatsu-column-inner > .tatsu-right-divider{z-index: 9999;}.tatsu-fqox7hq5gm2i9vli.tatsu-column{transform: translate3d(0px,0px, 0);}<\/style><\/div><\/div><\/div><\/div><div class=\"tatsu-section-background-wrap\"><div class = \"tatsu-section-background\" ><\/div><\/div><style>.tatsu-fqox7hq4yp4bpkvw .tatsu-section-pad{padding: 90px 0% 90px 0%;}.tatsu-fqox7hq4yp4bpkvw.tatsu-section{margin: 0px 0px 0px 0px;}.tatsu-fqox7hq4yp4bpkvw > .tatsu-bottom-divider{z-index: 9999;}.tatsu-fqox7hq4yp4bpkvw > .tatsu-top-divider{z-index: 9999;}<\/style><\/div>\n","protected":false},"excerpt":{"rendered":"<p><a href=\"https:\/\/www.elipsdizayn.com\/index.php\/iletisim\/\" class=\"more-link style3-button\">Read More<\/a><\/p>","protected":false},"author":1,"featured_media":0,"parent":0,"menu_order":0,"comment_status":"open","ping_status":"closed","template":"","meta":{"footnotes":""},"_links":{"self":[{"href":"https:\/\/www.elipsdizayn.com\/index.php\/wp-json\/wp\/v2\/pages\/3008"}],"collection":[{"href":"https:\/\/www.elipsdizayn.com\/index.php\/wp-json\/wp\/v2\/pages"}],"about":[{"href":"https:\/\/www.elipsdizayn.com\/index.php\/wp-json\/wp\/v2\/types\/page"}],"author":[{"embeddable":true,"href":"https:\/\/www.elipsdizayn.com\/index.php\/wp-json\/wp\/v2\/users\/1"}],"replies":[{"embeddable":true,"href":"https:\/\/www.elipsdizayn.com\/index.php\/wp-json\/wp\/v2\/comments?post=3008"}],"version-history":[{"count":19,"href":"https:\/\/www.elipsdizayn.com\/index.php\/wp-json\/wp\/v2\/pages\/3008\/revisions"}],"predecessor-version":[{"id":4248,"href":"https:\/\/www.elipsdizayn.com\/index.php\/wp-json\/wp\/v2\/pages\/3008\/revisions\/4248"}],"wp:attachment":[{"href":"https:\/\/www.elipsdizayn.com\/index.php\/wp-json\/wp\/v2\/media?parent=3008"}],"curies":[{"name":"wp","href":"https:\/\/api.w.org\/{rel}","templated":true}]}}